{"id":263,"date":"2025-01-24T16:04:05","date_gmt":"2025-01-24T16:04:05","guid":{"rendered":"https:\/\/hotelcasadelarosa.ro\/?page_id=263"},"modified":"2025-01-24T16:05:19","modified_gmt":"2025-01-24T16:05:19","slug":"regulament","status":"publish","type":"page","link":"https:\/\/hotelcasadelarosa.ro\/hu\/szabalyozas\/","title":{"rendered":"Szab\u00e1lyoz\u00e1s"},"content":{"rendered":"<p>Kedves vend\u00e9geink!<br \/>\nSzeretn\u00e9nk, ha a lehet\u0151 legkellemesebb\u00e9 tenn\u00e9nk a n\u00e1lunk t\u00f6lt\u00f6tt id\u0151t, ez\u00e9rt k\u00e9rj\u00fck, hogy tartsa szem el\u0151tt a k\u00f6vetkez\u0151ket:<\/p>\n<p>HOGYAN KELL LEFOGLALNI<br \/>\nA Hotel Casa de la Rosa sz\u00e1llod\u00e1ban a szob\u00e1kat a weboldalon kereszt\u00fcl vagy a sz\u00e1lloda recepci\u00f3j\u00e1n (0040729797900), illetve e-mailben (office@hotelcasadelarosa.ro) lehet lefoglalni.<\/p>\n<p>A FOGLAL\u00c1SOK VISSZAIGAZOL\u00c1SA<br \/>\nAz e-mailben vagy telefonon kapott egy\u00e9ni foglal\u00e1s meger\u0151s\u00edt\u00e9se a Hotel Casa de la Rosa foglal\u00e1si \u0171rlap elk\u00fcld\u00e9s\u00e9vel t\u00f6rt\u00e9nik. Az \u00fcgyfelek k\u00f6telesek ellen\u0151rizni az ezen \u0171rlapon megadott adatok pontoss\u00e1g\u00e1t. A meger\u0151s\u00edtett foglal\u00e1s m\u00f3dos\u00edt\u00e1s\u00e1t a szabad helyek f\u00fcggv\u00e9ny\u00e9ben, a m\u00f3dos\u00edt\u00e1s id\u0151pontj\u00e1ban fogadjuk el.<\/p>\n<p>FIZET\u00c9SI M\u00d3D<br \/>\nA fizet\u00e9s k\u00e9szp\u00e9nzzel, hitelk\u00e1rty\u00e1val (Visa, Mastercard, Maestro) vagy banki \u00e1tutal\u00e1ssal lehets\u00e9ges. A sz\u00e1ll\u00e1s \u00e9s a j\u00e1rul\u00e9kos k\u00f6lts\u00e9gek kifizet\u00e9se legk\u00e9s\u0151bb a kijelentkez\u00e9skor t\u00f6rt\u00e9nik. A sz\u00e1lloda fenntartja a jogot, hogy a sz\u00e1ll\u00e1sk\u00f6lts\u00e9get bejelentkez\u00e9skor felsz\u00e1m\u00edtsa. A v\u00e1rosban zajl\u00f3 nagyobb rendezv\u00e9nyek idej\u00e9n a sz\u00e1lloda fenntartja mag\u00e1nak a jogot, hogy a teljes \u00f6sszeget el\u0151re k\u00e9rje.<\/p>\n<p>LEMOND\u00c1SI SZAB\u00c1LYZAT<br \/>\nAz \u00fcgyf\u00e9l az \u00e9rkez\u00e9s el\u0151tt t\u00f6bb mint 48 \u00f3r\u00e1val ingyenesen lemondhatja a foglal\u00e1st. Amennyiben a lemond\u00e1s kevesebb mint 48 \u00f3r\u00e1val az \u00e9rkez\u00e9s el\u0151tt t\u00f6rt\u00e9nik, az \u00fcgyf\u00e9lnek az els\u0151 \u00e9jszaka sz\u00e1ll\u00e1sd\u00edj\u00e1t kell megfizetnie. A meg nem jelent vend\u00e9gek az els\u0151 \u00e9jszakai sz\u00e1ll\u00e1s d\u00edj\u00e1t fizetik, \u00e9s a lefoglalt id\u0151szak h\u00e1tral\u00e9v\u0151 r\u00e9sz\u00e9re t\u00f6rlik a foglal\u00e1st.<\/p>\n<p>GYERMEKEKRE \u00c9S P\u00d3T\u00c1GYAKRA VONATKOZ\u00d3 POLITIKA<br \/>\nA 0-6 \u00e9ves (nem teljes \u00e9rt\u00e9k\u0171) gyermekek ingyenesek, ha k\u00e9t fizet\u0151 feln\u0151ttel egy szob\u00e1ban, egy \u00e1gyon alszanak.<br \/>\nA 6-12 \u00e9v k\u00f6z\u00f6tti gyermekek ingyenesen sz\u00e1llhatnak meg, ha a megl\u00e9v\u0151 \u00e1gyakat haszn\u00e1lj\u00e1k, a reggeli azonban fizet\u0151s.<br \/>\nBaba\u00e1gyak is rendelkez\u00e9sre \u00e1llnak.<br \/>\nEgy szob\u00e1ban legfeljebb 1 \u00e1gy f\u00e9r el.<br \/>\nA kis\u00e1gyakat a sz\u00e1ll\u00e1shelynek kell ig\u00e9nyelnie \u00e9s visszaigazolnia.<\/p>\n<p>H\u00c1ZI\u00c1LLATOK<br \/>\nA sz\u00e1llod\u00e1ban h\u00e1zi\u00e1llatok nem enged\u00e9lyezettek.<\/p>\n<p>\u00c9TTEREM \u00c9S B\u00c1R PROGRAM<br \/>\nA reggelit h\u00e9tk\u00f6zben 07:00 \u00e9s 10:00 \u00f3ra k\u00f6z\u00f6tt, h\u00e9tv\u00e9g\u00e9n pedig 08:00 \u00e9s 10:00 \u00f3ra k\u00f6z\u00f6tt szolg\u00e1lj\u00e1k fel, kiz\u00e1r\u00f3lag a sz\u00e1lloda vend\u00e9gei sz\u00e1m\u00e1ra, a sz\u00e1lloda f\u00f6ldszinti \u00e9tterm\u00e9ben. Az \u00e9tterem \u00e9s a b\u00e1r naponta 12:00-22:00 \u00f3ra k\u00f6z\u00f6tt tart nyitva.<br \/>\nA Casa de la Rosa sz\u00e1lloda \u00e9tterm\u00e9ben \u00e9s terasz\u00e1n tilos a helyis\u00e9gen k\u00edv\u00fclr\u0151l sz\u00e1rmaz\u00f3 \u00e9telek \u00e9s italok behozatala \u00e9s fogyaszt\u00e1sa.<\/p>\n<p>F\u00dcST\u00d6L\u00c9S<br \/>\nA sz\u00e1llod\u00e1ban tilos a doh\u00e1nyz\u00e1s. A tilalom be nem tart\u00e1sa 500 lej\/nap b\u00fcntet\u00e9st von maga ut\u00e1n.T\u00e1j\u00e9koztatjuk, hogy minden szob\u00e1ban f\u00fcst\u00e9rz\u00e9kel\u0151 van, amely \u00e9rz\u00e9keli a cigarettaf\u00fcst\u00f6t \u00e9s m\u0171k\u00f6d\u00e9sbe hozza a f\u00fcstjelz\u0151t.<\/p>\n<p>PARKOL\u00c1S<br \/>\nA parkol\u00e1s a sz\u00e1lloda t\u00e1gas parkol\u00f3j\u00e1ban lehets\u00e9ges. Nem foglalunk parkol\u00f3helyeket, \u00e9s nem sz\u00e1m\u00edtunk fel d\u00edjat sz\u00e1llod\u00e1nk vend\u00e9gei sz\u00e1m\u00e1ra.<\/p>\n<p>INTERNET<br \/>\nA sz\u00e1lloda eg\u00e9sz ter\u00fclet\u00e9n ingyenes vezet\u00e9k n\u00e9lk\u00fcli internet \u00e1ll rendelkez\u00e9sre.<\/p>\n<p>Bejelentkez\u00e9s:14:00<br \/>\nKijelentkez\u00e9s:12:00<\/p>\n<p>AZ \u00dcGYFELEK KIV\u00c1LASZT\u00c1S\u00c1NAK JOGA:<br \/>\nA Hotel Casa de la Rosa jogosult a vend\u00e9gek kiv\u00e1laszt\u00e1s\u00e1ra.<br \/>\nVend\u00e9geink k\u00f6telesek betartani a sz\u00e1lloda szab\u00e1lyait.K\u00f6telesek tiszteletben tartani a sz\u00e1lloda, az \u00e9tterem, a terasz, a parkol\u00f3 nyugalm\u00e1t \u00e9s a t\u00e1rsadalmi \u00e9s erk\u00f6lcsi viselked\u00e9s szab\u00e1lyait.<br \/>\nA vend\u00e9g k\u00f6teles vigy\u00e1zni a r\u00e1b\u00edzott vagyont\u00e1rgyakra a tart\u00f3zkod\u00e1s ideje alatt.A Hotel Casa de la Rosa tulajdon\u00e1t k\u00e9pez\u0151 vagyont\u00e1rgyakban bek\u00f6vetkezett k\u00e1rok vagy megsemmis\u00fcl\u00e9sek k\u00f6lts\u00e9gei a felel\u0151s\u00f6ket terhelik.<br \/>\nA Hotel Casa de la Rosa fenntartja a jogot, hogy megtagadja a sz\u00e1ll\u00e1st vagy az \u00e9ttermi kiszolg\u00e1l\u00e1st az olyan vend\u00e9gekt\u0151l, akik ittasak, durv\u00e1k vagy randal\u00edroznak, \u00e9s akik viselked\u00e9s\u00fckkel \u00e1rtanak a sz\u00e1lloda im\u00e1zs\u00e1nak vagy zavarj\u00e1k a t\u00f6bbi vend\u00e9get.<\/p>\n<p>Z\u00c1R\u00d3LAP:<br \/>\n\u00dagy tekintj\u00fck, hogy minden vend\u00e9g, amikor ig\u00e9nybe veszi a Hotel Casa de la Rosa \u00e1ltal k\u00edn\u00e1lt szolg\u00e1ltat\u00e1sokat, tudom\u00e1sul veszi a fent eml\u00edtett felt\u00e9teleket, \u00e9s hallgat\u00f3lagosan elfogadja azokat.<br \/>\nA fenti felt\u00e9teleket a Hotel Casa de la Rosa b\u00e1rmikor el\u0151zetes \u00e9rtes\u00edt\u00e9s n\u00e9lk\u00fcl megv\u00e1ltoztathatja.<br \/>\nMindezeket a szab\u00e1lyokat az\u00e9rt hoztuk l\u00e9tre, hogy vend\u00e9geinknek a legkellemesebb tart\u00f3zkod\u00e1st biztos\u00edtsuk a n\u00e1lunk t\u00f6lt\u00f6tt id\u0151 alatt.<\/p>\n<p>K\u00f6sz\u00f6nj\u00fck meg\u00e9rt\u00e9s\u00fcket!<\/p>","protected":false},"excerpt":{"rendered":"<p>Dragi oaspe\u021bi, Ne dorim ca sejurul dumneavoastr\u0103 \u00een loca\u021bia noastr\u0103 &#8230; Cite\u0219te mai multe<\/p>","protected":false},"author":1,"featured_media":0,"parent":0,"menu_order":0,"comment_status":"closed","ping_status":"closed","template":"","meta":{"footnotes":""},"class_list":["post-263","page","type-page","status-publish","hentry"],"_links":{"self":[{"href":"https:\/\/hotelcasadelarosa.ro\/hu\/wp-json\/wp\/v2\/pages\/263","targetHints":{"allow":["GET"]}}],"collection":[{"href":"https:\/\/hotelcasadelarosa.ro\/hu\/wp-json\/wp\/v2\/pages"}],"about":[{"href":"https:\/\/hotelcasadelarosa.ro\/hu\/wp-json\/wp\/v2\/types\/page"}],"author":[{"embeddable":true,"href":"https:\/\/hotelcasadelarosa.ro\/hu\/wp-json\/wp\/v2\/users\/1"}],"replies":[{"embeddable":true,"href":"https:\/\/hotelcasadelarosa.ro\/hu\/wp-json\/wp\/v2\/comments?post=263"}],"version-history":[{"count":2,"href":"https:\/\/hotelcasadelarosa.ro\/hu\/wp-json\/wp\/v2\/pages\/263\/revisions"}],"predecessor-version":[{"id":269,"href":"https:\/\/hotelcasadelarosa.ro\/hu\/wp-json\/wp\/v2\/pages\/263\/revisions\/269"}],"wp:attachment":[{"href":"https:\/\/hotelcasadelarosa.ro\/hu\/wp-json\/wp\/v2\/media?parent=263"}],"curies":[{"name":"wp","href":"https:\/\/api.w.org\/{rel}","templated":true}]}}

Szabályozás

<p>Kedves vendégeink!<br />
Szeretnénk, ha a lehető legkellemesebbé tennénk a nálunk töltött időt, ezért kérjük, hogy tartsa szem előtt a következőket:</p>
<p>HOGYAN KELL LEFOGLALNI<br />
A Hotel Casa de la Rosa szállodában a szobákat a weboldalon keresztül vagy a szálloda recepcióján (0040729797900), illetve e-mailben (office@hotelcasadelarosa.ro) lehet lefoglalni.</p>
<p>A FOGLALÁSOK VISSZAIGAZOLÁSA<br />
Az e-mailben vagy telefonon kapott egyéni foglalás megerősítése a Hotel Casa de la Rosa foglalási űrlap elküldésével történik. Az ügyfelek kötelesek ellenőrizni az ezen űrlapon megadott adatok pontosságát. A megerősített foglalás módosítását a szabad helyek függvényében, a módosítás időpontjában fogadjuk el.</p>
<p>FIZETÉSI MÓD<br />
A fizetés készpénzzel, hitelkártyával (Visa, Mastercard, Maestro) vagy banki átutalással lehetséges. A szállás és a járulékos költségek kifizetése legkésőbb a kijelentkezéskor történik. A szálloda fenntartja a jogot, hogy a szállásköltséget bejelentkezéskor felszámítsa. A városban zajló nagyobb rendezvények idején a szálloda fenntartja magának a jogot, hogy a teljes összeget előre kérje.</p>
<p>LEMONDÁSI SZABÁLYZAT<br />
Az ügyfél az érkezés előtt több mint 48 órával ingyenesen lemondhatja a foglalást. Amennyiben a lemondás kevesebb mint 48 órával az érkezés előtt történik, az ügyfélnek az első éjszaka szállásdíját kell megfizetnie. A meg nem jelent vendégek az első éjszakai szállás díját fizetik, és a lefoglalt időszak hátralévő részére törlik a foglalást.</p>
<p>GYERMEKEKRE ÉS PÓTÁGYAKRA VONATKOZÓ POLITIKA<br />
A 0-6 éves (nem teljes értékű) gyermekek ingyenesek, ha két fizető felnőttel egy szobában, egy ágyon alszanak.<br />
A 6-12 év közötti gyermekek ingyenesen szállhatnak meg, ha a meglévő ágyakat használják, a reggeli azonban fizetős.<br />
Babaágyak is rendelkezésre állnak.<br />
Egy szobában legfeljebb 1 ágy fér el.<br />
A kiságyakat a szálláshelynek kell igényelnie és visszaigazolnia.</p>
<p>HÁZIÁLLATOK<br />
A szállodában háziállatok nem engedélyezettek.</p>
<p>ÉTTEREM ÉS BÁR PROGRAM<br />
A reggelit hétközben 07:00 és 10:00 óra között, hétvégén pedig 08:00 és 10:00 óra között szolgálják fel, kizárólag a szálloda vendégei számára, a szálloda földszinti éttermében. Az étterem és a bár naponta 12:00-22:00 óra között tart nyitva.<br />
A Casa de la Rosa szálloda éttermében és teraszán tilos a helyiségen kívülről származó ételek és italok behozatala és fogyasztása.</p>
<p>FÜSTÖLÉS<br />
A szállodában tilos a dohányzás. A tilalom be nem tartása 500 lej/nap büntetést von maga után.Tájékoztatjuk, hogy minden szobában füstérzékelő van, amely érzékeli a cigarettafüstöt és működésbe hozza a füstjelzőt.</p>
<p>PARKOLÁS<br />
A parkolás a szálloda tágas parkolójában lehetséges. Nem foglalunk parkolóhelyeket, és nem számítunk fel díjat szállodánk vendégei számára.</p>
<p>INTERNET<br />
A szálloda egész területén ingyenes vezeték nélküli internet áll rendelkezésre.</p>
<p>Bejelentkezés:14:00<br />
Kijelentkezés:12:00</p>
<p>AZ ÜGYFELEK KIVÁLASZTÁSÁNAK JOGA:<br />
A Hotel Casa de la Rosa jogosult a vendégek kiválasztására.<br />
Vendégeink kötelesek betartani a szálloda szabályait.Kötelesek tiszteletben tartani a szálloda, az étterem, a terasz, a parkoló nyugalmát és a társadalmi és erkölcsi viselkedés szabályait.<br />
A vendég köteles vigyázni a rábízott vagyontárgyakra a tartózkodás ideje alatt.A Hotel Casa de la Rosa tulajdonát képező vagyontárgyakban bekövetkezett károk vagy megsemmisülések költségei a felelősöket terhelik.<br />
A Hotel Casa de la Rosa fenntartja a jogot, hogy megtagadja a szállást vagy az éttermi kiszolgálást az olyan vendégektől, akik ittasak, durvák vagy randalíroznak, és akik viselkedésükkel ártanak a szálloda imázsának vagy zavarják a többi vendéget.</p>
<p>ZÁRÓLAP:<br />
Úgy tekintjük, hogy minden vendég, amikor igénybe veszi a Hotel Casa de la Rosa által kínált szolgáltatásokat, tudomásul veszi a fent említett feltételeket, és hallgatólagosan elfogadja azokat.<br />
A fenti feltételeket a Hotel Casa de la Rosa bármikor előzetes értesítés nélkül megváltoztathatja.<br />
Mindezeket a szabályokat azért hoztuk létre, hogy vendégeinknek a legkellemesebb tartózkodást biztosítsuk a nálunk töltött idő alatt.</p>
<p>Köszönjük megértésüket!</p>

<p>Dragi oaspeți, Ne dorim ca sejurul dumneavoastră în locația noastră &#8230; Citește mai multe</p>
